{"id":10,"date":"2018-03-16T09:50:16","date_gmt":"2018-03-16T09:50:16","guid":{"rendered":"https:\/\/www.rimac2012.com\/?page_id=10"},"modified":"2026-02-13T12:27:35","modified_gmt":"2026-02-13T12:27:35","slug":"contacto","status":"publish","type":"page","link":"https:\/\/www.rimac2012.com\/index.php\/contacto\/","title":{"rendered":"Contacto"},"content":{"rendered":"<p><b>RIMAC 2012, S.L.U.<br \/>\n<\/b><\/p>\n<p>C. Schumann, 25 nave 6<br \/>\nPol. Ind. Can Jard\u00ed<br \/>\n08191 &#8211; Rub\u00ed<\/p>\n<p>Horario: de 8 a 17h de Lunes a Viernes<\/p>\n<p><a href=\"mailto:info@rimac2012.com\">info@rimac2012.com<\/a><\/p>\n<p>Direcci\u00f3n: \u00a0<a href=\"mailto:jordi@rimac2012.com\">jordi@rimac2012.com<\/a><\/p>\n<p>Administraci\u00f3n: \u00a0<a href=\"mailto:admin@rimac2012.com\">admin@rimac2012.com<\/a><\/p>\n","protected":false},"excerpt":{"rendered":"<p>RIMAC 2012, S.L.U. C. Schumann, 25 nave 6 Pol. Ind. Can Jard\u00ed 08191 &#8211; Rub\u00ed Horario: de 8 a 17h de Lunes a Viernes info@rimac2012.com Direcci\u00f3n: \u00a0jordi@rimac2012.com Administraci\u00f3n: \u00a0admin@rimac2012.com<\/p>\n","protected":false},"author":1,"featured_media":47,"parent":0,"menu_order":0,"comment_status":"closed","ping_status":"closed","template":"","meta":{"footnotes":""},"class_list":["post-10","page","type-page","status-publish","has-post-thumbnail","hentry"],"_links":{"self":[{"href":"https:\/\/www.rimac2012.com\/index.php\/wp-json\/wp\/v2\/pages\/10","targetHints":{"allow":["GET"]}}],"collection":[{"href":"https:\/\/www.rimac2012.com\/index.php\/wp-json\/wp\/v2\/pages"}],"about":[{"href":"https:\/\/www.rimac2012.com\/index.php\/wp-json\/wp\/v2\/types\/page"}],"author":[{"embeddable":true,"href":"https:\/\/www.rimac2012.com\/index.php\/wp-json\/wp\/v2\/users\/1"}],"replies":[{"embeddable":true,"href":"https:\/\/www.rimac2012.com\/index.php\/wp-json\/wp\/v2\/comments?post=10"}],"version-history":[{"count":7,"href":"https:\/\/www.rimac2012.com\/index.php\/wp-json\/wp\/v2\/pages\/10\/revisions"}],"predecessor-version":[{"id":62,"href":"https:\/\/www.rimac2012.com\/index.php\/wp-json\/wp\/v2\/pages\/10\/revisions\/62"}],"wp:featuredmedia":[{"embeddable":true,"href":"https:\/\/www.rimac2012.com\/index.php\/wp-json\/wp\/v2\/media\/47"}],"wp:attachment":[{"href":"https:\/\/www.rimac2012.com\/index.php\/wp-json\/wp\/v2\/media?parent=10"}],"curies":[{"name":"wp","href":"https:\/\/api.w.org\/{rel}","templated":true}]}}